6733.
3, 7, 139, 32569
What are the prime factors of 55077806?
2, 7, 757, 5197
List the prime factors of 38699922.
2, 3, 17, 19, 1051
What are the prime factors of 2191778557?
5039, 434963
What are the prime factors of 765777222?
2, 3, 7, 1117, 5441
List the prime factors of 28415595.
3, 5, 13, 145721
What are the prime factors of 615913390?
2, 5, 59, 1043921
List the prime factors of 922830993.
3, 7, 41, 357271
What are the prime factors of 94141472?
2, 2941921
What are the prime factors of 2694171895?
5, 353, 859, 1777
What are the prime factors of 94850588?
2, 7, 227, 14923
What are the prime factors of 53306395?
5, 10661279
What are the prime factors of 1421793636?
2, 3, 19, 347, 17971
What are the prime factors of 2093087134?
2, 107, 9780781
What are the prime factors of 547771513?
97, 5647129
List the prime factors of 2082662706.
2, 3, 67, 769, 6737
What are the prime factors of 87315077?
17, 191, 26891
What are the prime factors of 1490337143?
19, 317, 349, 709
List the prime factors of 4202134279.
7, 43, 967, 14437
List the prime factors of 13742927.
11, 647, 1931
What are the prime factors of 3034162998?
2, 3, 421, 400391
What are the prime factors of 24956365?
5, 7, 713039
List the prime factors of 262755957.
3, 2377, 36847
What are the prime factors of 419480532?
2, 3, 23, 181, 311
What are the prime factors of 78908115?
3, 5, 11, 13, 36787
What are the prime factors of 3504845496?
2, 3, 227, 487, 1321
List the prime factors of 4405862565.
3, 5, 13, 836821
List the prime factors of 139966564.
2, 47, 744503
List the prime factors of 1758050701.
11, 23, 739, 9403
What are the prime factors of 440388?
2, 3, 13, 941
What are the prime factors of 16997289?
3, 1789, 3167
What are the prime factors of 62398382?
2, 31199191
List the prime factors of 1407398244.
2, 3, 7, 17, 23, 73, 587
List the prime factors of 1544508036.
2, 3, 977, 43913
List the prime factors of 155082219.
3, 137, 377329
What are the prime factors of 17972792?
2, 109, 20611
List the prime factors of 74655358.
2, 37327679
What are the prime factors of 975833107?
22291, 43777
What are the prime factors of 515183497?
47, 373, 29387
What are the prime factors of 1106109278?
2, 553054639
List the prime factors of 73921729.
7, 17, 41, 109, 139
List the prime factors of 430272768.
2, 3, 29, 19319
What are the prime factors of 6098634137?
1021, 5973197
What are the prime factors of 63397425?
3, 5, 7, 13, 1327
What are the prime factors of 998199095?
5, 199639819
List the prime factors of 278137890.
2, 3, 5, 31, 131, 761
List the prime factors of 540380718.
2, 3, 30021151
List the prime factors of 117390185.
5, 11, 17, 125551
What are the prime factors of 1731276962?
2, 865638481
List the prime factors of 5227296063.
3, 11, 163, 761, 1277
List the prime factors of 24914155.
5, 7, 103, 6911
What are the prime factors of 413609294?
2, 7, 602929
List the prime factors of 3764817281.
7417, 507593
What are the prime factors of 28707087?
3, 941, 10169
What are the prime factors of 10043988?
2, 3, 569, 1471
List the prime factors of 225285502.
2, 13, 2447, 3541
What are the prime factors of 5480841303?
3, 7, 167, 520943
List the prime factors of 383725001.
11, 3171281
List the prime factors of 39619453.
39619453
List the prime factors of 13196088.
2, 3, 199, 307
What are the prime factors of 94844238?
2, 3, 19, 831967
What are the prime factors of 345323356?
2, 7, 1409, 8753
List the prime factors of 2022464831.
31, 65240801
List the prime factors of 72687317.
72687317
What are the prime factors of 1416595896?
2, 3, 19674943
What are the prime factors of 22288587?
3, 23, 317, 1019
List the prime factors of 57963278.
2, 139, 208501
List the prime factors of 28875273.
3, 7, 1375013
List the prime factors of 47499259.
19, 541, 4621
List the prime factors of 6552562722.
2, 3, 17, 331, 421, 461
What are the prime factors of 903704678?
2, 451852339
What are the prime factors of 981449128?
2, 11, 11152831
What are the prime factors of 1968748062?
2, 3, 31, 10584667
List the prime factors of 146658513.
3, 293, 166847
What are the prime factors of 1126195195?
5, 225239039
List the prime factors of 201067140.
2, 3, 5, 43, 77933
List the prime factors of 89120187.
3, 13, 761711
List the prime factors of 60029738.
2, 439, 68371
List the prime factors of 330071540.
2, 5, 16503577
List the prime factors of 8750620464.
2, 3, 182304593
What are the prime factors of 53013847?
53013847
List the prime factors of 73217385.
3, 5, 17, 61, 523
List the prime factors of 714609493.
13, 54969961
List the prime factors of 236746667.
236746667
List the prime factors of 293894489.
7, 19, 71, 31123
List the prime factors of 711025250.
2, 5, 13, 16829
What are the prime factors of 613517243?
29, 487, 43441
What are the prime factors of 78215696?
2, 13, 523, 719
What are the prime factors of 684184966?
2, 131, 139, 18787
What are the prime factors of 664161976?
2, 3191, 26017
List the prime factors of 106618072.
2, 11, 157, 7717
What are the prime factors of 45713845?
5, 47, 194527
What are the prime factors of 2534137304?
2, 316767163
What are the prime factors of 1931939992?
2, 241492499
What are the prime factors of 3435745455?
3, 5, 76349899
List the prime factors of 204933470.
2, 5, 7, 17, 172213
List the prime factors of 1179392786.
2, 11, 13, 71, 241
List the prime factors of 47669832.
2, 3, 7, 94583
List the prime factors of 48070490.
2, 5, 13, 67, 5519
What are the prime factors of 200219634?
2, 3, 3707771
What are the prime factors of 32957099?
7, 67, 70271
What are the prime factors of 55802618?
2, 449, 62141
What are the prime factors of 26304957?
3, 7, 31, 13469
What are the prime factors of 2040583563?
3, 1583, 47743
List the prime factors of 38565179.
419, 92041
List the prime factors of 1824230428.
2, 456057607
What are the prime factors of 63739613?
7, 17, 535627
What are the prime factors of 82805690?
2, 5, 11, 181, 4159
List the prime factors of 947390184.
2, 3, 13, 67, 15107
List the prime factors of 5497745152.
2, 19, 1130293
List the prime factors of 477116139.
3, 41, 3878993
What are the prime factors of 454377539?
7, 11, 29, 41, 709
List the prime factors of 13848683.
1153, 12011
What are the prime factors of 79729937?
7, 23, 211, 2347
What are the prime factors of 126271266?
2, 3, 11, 1913201
What are the prime factors of 514643311?
7, 13, 103, 54907
What are the prime factors of 38221917?
3, 12740639
List the prime factors of 95550028.
2, 7, 59, 57839
List the prime factors of 114764194.
2, 29, 1978693
What are the prime factors of 2116658004?
2, 3, 176388167
List the prime factors of 190484623.
7, 97, 280537
What are the prime factors of 665874260?
2, 5, 33293713
What are the prime factors of 460726971?
3, 293, 524149
What are the prime factors of 23060010?
2, 3, 5, 233, 3299
List the prime factors of 209992111.
7, 29998873
What are the prime factors of 287876039?
11, 103, 254083
What are the prime factors of 1697866893?
3, 137, 459007
List the prime factors of 23954492.
2, 239, 25057
What are the prime factors of 104664148?
2, 26166037
List the prime factors of 61238258.
2, 30619129
List the prime factors of 389135613.
3, 401, 323471
What are the prime factors of 272905958?
2, 13, 31, 547, 619
What are the prime factors of 417683644?
2, 7, 2131039
List the prime factors of 950870054.
2, 18427, 25801
List the prime factors of 141125501.
11, 293, 43787
What are the prime factors of 7127260905?
3, 5, 19, 107, 12301
What are the prime factors of 37544031?
3, 7, 43, 13859
What are the prime factors of 184595354?
2, 4751, 19427
List the prime factors of 41407518.
2, 3, 6901253
What are the prime factors of 225426435?
3, 5, 13, 1156033
List the prime factors of 696019059.
3, 77335451
List the prime factors of 5973783.
3, 17, 117133
List the prime factors of 2405672785.
5, 59, 8154823
What are the prime factors of 181328087?
11719, 15473
What are the prime factors of 253918120?
2, 5, 17, 313, 1193
What are the prime factors of 1797452724?
2, 3, 10939, 13693
List the prime factors of 52714348.
2, 17, 739, 1049
List the prime factors of 16158945.
3, 5, 11, 29, 307
List the prime factors of 860897445.
3, 5, 89, 644867
List the prime factors of 42605099.
67, 9491
List the prime factors of 27084858